{"id":159,"date":"2021-03-19T13:16:29","date_gmt":"2021-03-19T13:16:29","guid":{"rendered":"http:\/\/bama-psicologia.es\/?page_id=159"},"modified":"2021-03-30T14:25:26","modified_gmt":"2021-03-30T14:25:26","slug":"ines-lovelle-iglesias","status":"publish","type":"page","link":"https:\/\/bama-psicologia.es\/index.php\/ines-lovelle-iglesias\/","title":{"rendered":"In\u00e9s Lovelle Iglesias"},"content":{"rendered":"<p><img loading=\"lazy\" class=\" wp-image-116 alignleft\" src=\"http:\/\/bama-psicologia.es\/wp-content\/uploads\/2021\/03\/ines.jpg\" alt=\"\" width=\"419\" height=\"421\" srcset=\"https:\/\/bama-psicologia.es\/wp-content\/uploads\/2021\/03\/ines.jpg 222w, https:\/\/bama-psicologia.es\/wp-content\/uploads\/2021\/03\/ines-150x150.jpg 150w, https:\/\/bama-psicologia.es\/wp-content\/uploads\/2021\/03\/ines-60x60.jpg 60w\" sizes=\"(max-width: 419px) 100vw, 419px\" \/><\/p>\n<p>&nbsp;<\/p>\n<p>&#8211; Licenciada en Psicolog\u00eda.<br \/>\n&#8211;\u00a0Psic\u00f3loga colegiada en el Colegio Oficial de Psic\u00f3logos de Catalunya<br \/>\n&#8211; Acreditada como experta en Psicologia Jur\u00eddica y Forense<br \/>\n&#8211;\u00a0Licenciada en Psicolog\u00eda por la Universidad Aut\u00f3noma de Barcelona (UB)<br \/>\n&#8211;\u00a0M\u00e1ster en Psicolog\u00eda Jur\u00eddica y Peritaje Psicol\u00f3gico Forense (UAB)<br \/>\n&#8211; Profesora Asociada de la UAB (Psicolog\u00eda Criminal &#8211; Grado Criminolog\u00eda)<br \/>\n&#8211; Profesora del\u00a0M\u00e1ster en Psicolog\u00eda Jur\u00eddica y Peritaje Psicol\u00f3gico Forense (UAB)<\/p>\n","protected":false},"excerpt":{"rendered":"<p>&nbsp; &#8211; Licenciada en Psicolog\u00eda. &#8211;\u00a0Psic\u00f3loga colegiada en el Colegio Oficial de Psic\u00f3logos de Catalunya &#8211; Acreditada como experta en Psicologia Jur\u00eddica y Forense &#8211;\u00a0Licenciada en Psicolog\u00eda por la Universidad &hellip; <\/p>\n","protected":false},"author":1,"featured_media":291,"parent":0,"menu_order":0,"comment_status":"closed","ping_status":"closed","template":"","meta":[],"_links":{"self":[{"href":"https:\/\/bama-psicologia.es\/index.php\/wp-json\/wp\/v2\/pages\/159"}],"collection":[{"href":"https:\/\/bama-psicologia.es\/index.php\/wp-json\/wp\/v2\/pages"}],"about":[{"href":"https:\/\/bama-psicologia.es\/index.php\/wp-json\/wp\/v2\/types\/page"}],"author":[{"embeddable":true,"href":"https:\/\/bama-psicologia.es\/index.php\/wp-json\/wp\/v2\/users\/1"}],"replies":[{"embeddable":true,"href":"https:\/\/bama-psicologia.es\/index.php\/wp-json\/wp\/v2\/comments?post=159"}],"version-history":[{"count":4,"href":"https:\/\/bama-psicologia.es\/index.php\/wp-json\/wp\/v2\/pages\/159\/revisions"}],"predecessor-version":[{"id":161,"href":"https:\/\/bama-psicologia.es\/index.php\/wp-json\/wp\/v2\/pages\/159\/revisions\/161"}],"wp:featuredmedia":[{"embeddable":true,"href":"https:\/\/bama-psicologia.es\/index.php\/wp-json\/wp\/v2\/media\/291"}],"wp:attachment":[{"href":"https:\/\/bama-psicologia.es\/index.php\/wp-json\/wp\/v2\/media?parent=159"}],"curies":[{"name":"wp","href":"https:\/\/api.w.org\/{rel}","templated":true}]}}